{"id":28,"date":"2020-05-04T13:22:39","date_gmt":"2020-05-04T13:22:39","guid":{"rendered":"https:\/\/www.michael-glueck-verlag.de\/?page_id=28"},"modified":"2020-08-06T12:26:10","modified_gmt":"2020-08-06T11:26:10","slug":"vita","status":"publish","type":"page","link":"https:\/\/www.michael-glueck-verlag.de\/index.php\/vita\/","title":{"rendered":"Vita"},"content":{"rendered":"\n<h1 class=\"wp-block-heading\">Michael Gl\u00fcck,<\/h1>\n\n\n\n<p>geboren am 5. April 1943 &nbsp;in Berlin, ist Wirtschaftsjournalist, Fachbuchautor (ECON-Verlag, D\u00fcsseldorf und Sauer-Verlag, Heidelberg) und Buchverleger. <\/p>\n\n\n\n<p>Aufgewachsen ist er in Stuttgart, Petr\u00f3plis bei Rio de Janeiro, Cork in S\u00fcdirland sowie in Innsbruck, wo er Schulen und Universit\u00e4ten &nbsp;besuchte.<\/p>\n\n\n\n<p>Sein Studium der Mathematik, Sprachen, Physik und Volkswirtschaft schloss er aus finanziellen Gr\u00fcnden nicht ab. <\/p>\n\n\n\n<p>Vielmehr begann er sich zun\u00e4chst mit einfachen Arbeiten durchs Leben zu schlagen. Danach arbeitete er in den Wettbewerbsabteilung eines Lebensversicherers. <\/p>\n\n\n\n<p>Dem schlossen sich ein zweij\u00e4hriges Volontariat und eine Wirtschaftsredakteurst\u00e4tigkeit bei einer Tageszeitung in Stuttgart an. Dieser folgten 25 Jahre bei einem Wirtschaftsverband in Bonn und Berlin.<\/p>\n\n\n\n<p>Ende 1998 gr\u00fcndete er ein Presseb\u00fcro f\u00fcr Print- und Online-Berichterstattung f\u00fcr Versicherungsfragen in Meckenheim bei Bonn. <\/p>\n\n\n\n<p>Hier entstand 2019 auch der Michael Gl\u00fcck Verlag f\u00fcr M\u00e4rchen und Kinderb\u00fccher.<\/p>\n\n\n\n<p>Seit dem 3. August 2020, wieder verheiratet. Eheschlie\u00dfung in Mexiko-Stadt.<\/p>\n","protected":false},"excerpt":{"rendered":"<p>Michael Gl\u00fcck, geboren am 5. April 1943 &nbsp;in Berlin, ist Wirtschaftsjournalist, Fachbuchautor (ECON-Verlag, D\u00fcsseldorf und Sauer-Verlag, Heidelberg) und Buchverleger. Aufgewachsen ist er in Stuttgart, Petr\u00f3plis bei Rio de Janeiro, Cork in S\u00fcdirland sowie in Innsbruck, wo er Schulen und Universit\u00e4ten &nbsp;besuchte. Sein Studium der Mathematik, Sprachen, Physik und Volkswirtschaft schloss er aus finanziellen Gr\u00fcnden nicht &hellip; <\/p>\n<p class=\"link-more\"><a href=\"https:\/\/www.michael-glueck-verlag.de\/index.php\/vita\/\" class=\"more-link\">Continue reading<span class=\"screen-reader-text\"> &#8222;Vita&#8220;<\/span><\/a><\/p>\n","protected":false},"author":1,"featured_media":0,"parent":0,"menu_order":0,"comment_status":"closed","ping_status":"closed","template":"","meta":{"footnotes":""},"class_list":["post-28","page","type-page","status-publish","hentry"],"yoast_head":"<!-- This site is optimized with the Yoast SEO plugin v27.4 - https:\/\/yoast.com\/product\/yoast-seo-wordpress\/ -->\n<title>Vita ~ GL\u00dcCK VERLAG<\/title>\n<meta name=\"robots\" content=\"index, follow, max-snippet:-1, max-image-preview:large, max-video-preview:-1\" \/>\n<link rel=\"canonical\" href=\"https:\/\/www.michael-glueck-verlag.de\/index.php\/vita\/\" \/>\n<meta property=\"og:locale\" content=\"de_DE\" \/>\n<meta property=\"og:type\" content=\"article\" \/>\n<meta property=\"og:title\" content=\"Vita ~ GL\u00dcCK VERLAG\" \/>\n<meta property=\"og:description\" content=\"Michael Gl\u00fcck, geboren am 5. April 1943 &nbsp;in Berlin, ist Wirtschaftsjournalist, Fachbuchautor (ECON-Verlag, D\u00fcsseldorf und Sauer-Verlag, Heidelberg) und Buchverleger. Aufgewachsen ist er in Stuttgart, Petr\u00f3plis bei Rio de Janeiro, Cork in S\u00fcdirland sowie in Innsbruck, wo er Schulen und Universit\u00e4ten &nbsp;besuchte. Sein Studium der Mathematik, Sprachen, Physik und Volkswirtschaft schloss er aus finanziellen Gr\u00fcnden nicht &hellip; Continue reading &quot;Vita&quot;\" \/>\n<meta property=\"og:url\" content=\"https:\/\/www.michael-glueck-verlag.de\/index.php\/vita\/\" \/>\n<meta property=\"og:site_name\" content=\"GL\u00dcCK VERLAG\" \/>\n<meta property=\"article:modified_time\" content=\"2020-08-06T11:26:10+00:00\" \/>\n<meta name=\"twitter:card\" content=\"summary_large_image\" \/>\n<meta name=\"twitter:label1\" content=\"Gesch\u00e4tzte Lesezeit\" \/>\n\t<meta name=\"twitter:data1\" content=\"1\u00a0Minute\" \/>\n<script type=\"application\/ld+json\" class=\"yoast-schema-graph\">{\"@context\":\"https:\\\/\\\/schema.org\",\"@graph\":[{\"@type\":\"WebPage\",\"@id\":\"https:\\\/\\\/www.michael-glueck-verlag.de\\\/index.php\\\/vita\\\/\",\"url\":\"https:\\\/\\\/www.michael-glueck-verlag.de\\\/index.php\\\/vita\\\/\",\"name\":\"Vita ~ GL\u00dcCK VERLAG\",\"isPartOf\":{\"@id\":\"https:\\\/\\\/www.michael-glueck-verlag.de\\\/#website\"},\"datePublished\":\"2020-05-04T13:22:39+00:00\",\"dateModified\":\"2020-08-06T11:26:10+00:00\",\"breadcrumb\":{\"@id\":\"https:\\\/\\\/www.michael-glueck-verlag.de\\\/index.php\\\/vita\\\/#breadcrumb\"},\"inLanguage\":\"de\",\"potentialAction\":[{\"@type\":\"ReadAction\",\"target\":[\"https:\\\/\\\/www.michael-glueck-verlag.de\\\/index.php\\\/vita\\\/\"]}]},{\"@type\":\"BreadcrumbList\",\"@id\":\"https:\\\/\\\/www.michael-glueck-verlag.de\\\/index.php\\\/vita\\\/#breadcrumb\",\"itemListElement\":[{\"@type\":\"ListItem\",\"position\":1,\"name\":\"Startseite\",\"item\":\"https:\\\/\\\/www.michael-glueck-verlag.de\\\/\"},{\"@type\":\"ListItem\",\"position\":2,\"name\":\"Vita\"}]},{\"@type\":\"WebSite\",\"@id\":\"https:\\\/\\\/www.michael-glueck-verlag.de\\\/#website\",\"url\":\"https:\\\/\\\/www.michael-glueck-verlag.de\\\/\",\"name\":\"GL\u00dcCK VERLAG\",\"description\":\"Buchverlag\",\"publisher\":{\"@id\":\"https:\\\/\\\/www.michael-glueck-verlag.de\\\/#organization\"},\"potentialAction\":[{\"@type\":\"SearchAction\",\"target\":{\"@type\":\"EntryPoint\",\"urlTemplate\":\"https:\\\/\\\/www.michael-glueck-verlag.de\\\/?s={search_term_string}\"},\"query-input\":{\"@type\":\"PropertyValueSpecification\",\"valueRequired\":true,\"valueName\":\"search_term_string\"}}],\"inLanguage\":\"de\"},{\"@type\":\"Organization\",\"@id\":\"https:\\\/\\\/www.michael-glueck-verlag.de\\\/#organization\",\"name\":\"Gl\u00fcck Verlag\",\"url\":\"https:\\\/\\\/www.michael-glueck-verlag.de\\\/\",\"logo\":{\"@type\":\"ImageObject\",\"inLanguage\":\"de\",\"@id\":\"https:\\\/\\\/www.michael-glueck-verlag.de\\\/#\\\/schema\\\/logo\\\/image\\\/\",\"url\":\"https:\\\/\\\/www.michael-glueck-verlag.de\\\/wp-content\\\/uploads\\\/2020\\\/05\\\/4-Die-Blume-und-das-Reh-3_web.jpg\",\"contentUrl\":\"https:\\\/\\\/www.michael-glueck-verlag.de\\\/wp-content\\\/uploads\\\/2020\\\/05\\\/4-Die-Blume-und-das-Reh-3_web.jpg\",\"width\":383,\"height\":336,\"caption\":\"Gl\u00fcck Verlag\"},\"image\":{\"@id\":\"https:\\\/\\\/www.michael-glueck-verlag.de\\\/#\\\/schema\\\/logo\\\/image\\\/\"}}]}<\/script>\n<!-- \/ Yoast SEO plugin. -->","yoast_head_json":{"title":"Vita ~ GL\u00dcCK VERLAG","robots":{"index":"index","follow":"follow","max-snippet":"max-snippet:-1","max-image-preview":"max-image-preview:large","max-video-preview":"max-video-preview:-1"},"canonical":"https:\/\/www.michael-glueck-verlag.de\/index.php\/vita\/","og_locale":"de_DE","og_type":"article","og_title":"Vita ~ GL\u00dcCK VERLAG","og_description":"Michael Gl\u00fcck, geboren am 5. April 1943 &nbsp;in Berlin, ist Wirtschaftsjournalist, Fachbuchautor (ECON-Verlag, D\u00fcsseldorf und Sauer-Verlag, Heidelberg) und Buchverleger. Aufgewachsen ist er in Stuttgart, Petr\u00f3plis bei Rio de Janeiro, Cork in S\u00fcdirland sowie in Innsbruck, wo er Schulen und Universit\u00e4ten &nbsp;besuchte. Sein Studium der Mathematik, Sprachen, Physik und Volkswirtschaft schloss er aus finanziellen Gr\u00fcnden nicht &hellip; Continue reading \"Vita\"","og_url":"https:\/\/www.michael-glueck-verlag.de\/index.php\/vita\/","og_site_name":"GL\u00dcCK VERLAG","article_modified_time":"2020-08-06T11:26:10+00:00","twitter_card":"summary_large_image","twitter_misc":{"Gesch\u00e4tzte Lesezeit":"1\u00a0Minute"},"schema":{"@context":"https:\/\/schema.org","@graph":[{"@type":"WebPage","@id":"https:\/\/www.michael-glueck-verlag.de\/index.php\/vita\/","url":"https:\/\/www.michael-glueck-verlag.de\/index.php\/vita\/","name":"Vita ~ GL\u00dcCK VERLAG","isPartOf":{"@id":"https:\/\/www.michael-glueck-verlag.de\/#website"},"datePublished":"2020-05-04T13:22:39+00:00","dateModified":"2020-08-06T11:26:10+00:00","breadcrumb":{"@id":"https:\/\/www.michael-glueck-verlag.de\/index.php\/vita\/#breadcrumb"},"inLanguage":"de","potentialAction":[{"@type":"ReadAction","target":["https:\/\/www.michael-glueck-verlag.de\/index.php\/vita\/"]}]},{"@type":"BreadcrumbList","@id":"https:\/\/www.michael-glueck-verlag.de\/index.php\/vita\/#breadcrumb","itemListElement":[{"@type":"ListItem","position":1,"name":"Startseite","item":"https:\/\/www.michael-glueck-verlag.de\/"},{"@type":"ListItem","position":2,"name":"Vita"}]},{"@type":"WebSite","@id":"https:\/\/www.michael-glueck-verlag.de\/#website","url":"https:\/\/www.michael-glueck-verlag.de\/","name":"GL\u00dcCK VERLAG","description":"Buchverlag","publisher":{"@id":"https:\/\/www.michael-glueck-verlag.de\/#organization"},"potentialAction":[{"@type":"SearchAction","target":{"@type":"EntryPoint","urlTemplate":"https:\/\/www.michael-glueck-verlag.de\/?s={search_term_string}"},"query-input":{"@type":"PropertyValueSpecification","valueRequired":true,"valueName":"search_term_string"}}],"inLanguage":"de"},{"@type":"Organization","@id":"https:\/\/www.michael-glueck-verlag.de\/#organization","name":"Gl\u00fcck Verlag","url":"https:\/\/www.michael-glueck-verlag.de\/","logo":{"@type":"ImageObject","inLanguage":"de","@id":"https:\/\/www.michael-glueck-verlag.de\/#\/schema\/logo\/image\/","url":"https:\/\/www.michael-glueck-verlag.de\/wp-content\/uploads\/2020\/05\/4-Die-Blume-und-das-Reh-3_web.jpg","contentUrl":"https:\/\/www.michael-glueck-verlag.de\/wp-content\/uploads\/2020\/05\/4-Die-Blume-und-das-Reh-3_web.jpg","width":383,"height":336,"caption":"Gl\u00fcck Verlag"},"image":{"@id":"https:\/\/www.michael-glueck-verlag.de\/#\/schema\/logo\/image\/"}}]}},"jetpack-related-posts":[],"jetpack_shortlink":"https:\/\/wp.me\/PbY91u-s","jetpack_sharing_enabled":true,"_links":{"self":[{"href":"https:\/\/www.michael-glueck-verlag.de\/index.php\/wp-json\/wp\/v2\/pages\/28","targetHints":{"allow":["GET"]}}],"collection":[{"href":"https:\/\/www.michael-glueck-verlag.de\/index.php\/wp-json\/wp\/v2\/pages"}],"about":[{"href":"https:\/\/www.michael-glueck-verlag.de\/index.php\/wp-json\/wp\/v2\/types\/page"}],"author":[{"embeddable":true,"href":"https:\/\/www.michael-glueck-verlag.de\/index.php\/wp-json\/wp\/v2\/users\/1"}],"replies":[{"embeddable":true,"href":"https:\/\/www.michael-glueck-verlag.de\/index.php\/wp-json\/wp\/v2\/comments?post=28"}],"version-history":[{"count":7,"href":"https:\/\/www.michael-glueck-verlag.de\/index.php\/wp-json\/wp\/v2\/pages\/28\/revisions"}],"predecessor-version":[{"id":199,"href":"https:\/\/www.michael-glueck-verlag.de\/index.php\/wp-json\/wp\/v2\/pages\/28\/revisions\/199"}],"wp:attachment":[{"href":"https:\/\/www.michael-glueck-verlag.de\/index.php\/wp-json\/wp\/v2\/media?parent=28"}],"curies":[{"name":"wp","href":"https:\/\/api.w.org\/{rel}","templated":true}]}}