{"id":90,"date":"2020-05-04T21:00:06","date_gmt":"2020-05-04T20:00:06","guid":{"rendered":"https:\/\/www.michael-glueck-verlag.de\/?page_id=90"},"modified":"2022-06-07T17:39:38","modified_gmt":"2022-06-07T16:39:38","slug":"die-schmutzkathrin","status":"publish","type":"page","link":"https:\/\/www.michael-glueck-verlag.de\/index.php\/die-schmutzkathrin\/","title":{"rendered":"Die Schmutzkathrin"},"content":{"rendered":"<div class=\"wp-block-image\">\n<figure class=\"alignright size-large is-resized\"><img loading=\"lazy\" decoding=\"async\" src=\"https:\/\/www.michael-glueck-verlag.de\/wp-content\/uploads\/2020\/05\/2-Die-Schmutzkatrin-1_web.jpg\" alt=\"\" class=\"wp-image-91\" width=\"175\" height=\"227\" srcset=\"https:\/\/www.michael-glueck-verlag.de\/wp-content\/uploads\/2020\/05\/2-Die-Schmutzkatrin-1_web.jpg 336w, https:\/\/www.michael-glueck-verlag.de\/wp-content\/uploads\/2020\/05\/2-Die-Schmutzkatrin-1_web-230x300.jpg 230w\" sizes=\"auto, (max-width: 175px) 100vw, 175px\" \/><\/figure><\/div>\n\n\n<p>Vor langer, langer Zeit lebte einmal ein reicher K\u00f6nig. Der hatte eine Tochter, die war so sch\u00f6n, dass die roten Rosen erblassten, wenn sich die Prinzessin \u00fcber sie neigte.<\/p>\n\n\n\n<p><\/p>\n\n\n\n<p>So kam es, dass viele junge Prinzen und stolze Ritter zum Schloss des K\u00f6nigs zogen, um die sch\u00f6ne Prinzessin zu freien. Diese aber konnte sich f\u00fcr keinen entscheiden.<\/p>\n\n\n\n<p>Als die Zeit verging und sie immer noch keine Wahl getroffen hatte, wurde der K\u00f6nig \u00e4rgerlich. Er lie\u00df sie zu sich rufen und sprach:<\/p>\n\n\n\n<p>\u201eVon \u00fcberall her kommen die Prinzen und Ritter auf unser Schloss. Warum w\u00e4hlst du nicht einen von ihnen zu deinem Gemahl? Es sind viele darunter, die im Kampf mutig und im Spiel heiter sind.\u201c<\/p>\n\n\n\n<p>\u201eDu hast recht, Vater\u201c, antwortete die Prinzessin. \u201eAber wei\u00dft du auch, ob sie mich zu ihrer Gemahlin w\u00e4hlen w\u00fcrden, wenn ich keine K\u00f6nigstochter w\u00e4re?\u201c<\/p>\n\n\n\n<p>Hierauf wurde der K\u00f6nig sehr nachdenklich und schwieg lange. Dann sagte er:<\/p>\n\n\n\n<figure class=\"wp-block-audio\"><audio controls src=\"https:\/\/www.michael-glueck-verlag.de\/wp-content\/uploads\/2020\/06\/Schmutzkathrin1.mp3\" autoplay preload=\"metadata\"><\/audio><figcaption>Auszug &#8211; gelesen von C. C. Creutzburg<\/figcaption><\/figure>\n\n\n\n<p><\/p>\n","protected":false},"excerpt":{"rendered":"<p>Vor langer, langer Zeit lebte einmal ein reicher K\u00f6nig. Der hatte eine Tochter, die war so sch\u00f6n, dass die roten Rosen erblassten, wenn sich die Prinzessin \u00fcber sie neigte. So kam es, dass viele junge Prinzen und stolze Ritter zum Schloss des K\u00f6nigs zogen, um die sch\u00f6ne Prinzessin zu freien. Diese aber konnte sich f\u00fcr &hellip; <\/p>\n<p class=\"link-more\"><a href=\"https:\/\/www.michael-glueck-verlag.de\/index.php\/die-schmutzkathrin\/\" class=\"more-link\">Continue reading<span class=\"screen-reader-text\"> &#8222;Die Schmutzkathrin&#8220;<\/span><\/a><\/p>\n","protected":false},"author":1,"featured_media":91,"parent":0,"menu_order":0,"comment_status":"closed","ping_status":"closed","template":"","meta":{"footnotes":""},"class_list":["post-90","page","type-page","status-publish","has-post-thumbnail","hentry"],"yoast_head":"<!-- This site is optimized with the Yoast SEO plugin v27.4 - https:\/\/yoast.com\/product\/yoast-seo-wordpress\/ -->\n<title>Die Schmutzkathrin ~ GL\u00dcCK VERLAG<\/title>\n<meta name=\"description\" content=\"Vor langer, langer Zeit lebte einmal ein reicher K\u00f6nig. Der hatte eine Tochter, die war so sch\u00f6n, dass die roten Rosen erblassten,\" \/>\n<meta name=\"robots\" content=\"index, follow, max-snippet:-1, max-image-preview:large, max-video-preview:-1\" \/>\n<link rel=\"canonical\" href=\"https:\/\/www.michael-glueck-verlag.de\/index.php\/die-schmutzkathrin\/\" \/>\n<meta property=\"og:locale\" content=\"de_DE\" \/>\n<meta property=\"og:type\" content=\"article\" \/>\n<meta property=\"og:title\" content=\"Die Schmutzkathrin ~ GL\u00dcCK VERLAG\" \/>\n<meta property=\"og:description\" content=\"Vor langer, langer Zeit lebte einmal ein reicher K\u00f6nig. Der hatte eine Tochter, die war so sch\u00f6n, dass die roten Rosen erblassten,\" \/>\n<meta property=\"og:url\" content=\"https:\/\/www.michael-glueck-verlag.de\/index.php\/die-schmutzkathrin\/\" \/>\n<meta property=\"og:site_name\" content=\"GL\u00dcCK VERLAG\" \/>\n<meta property=\"article:modified_time\" content=\"2022-06-07T16:39:38+00:00\" \/>\n<meta property=\"og:image\" content=\"https:\/\/www.michael-glueck-verlag.de\/wp-content\/uploads\/2020\/05\/2-Die-Schmutzkatrin-1_web.jpg\" \/>\n\t<meta property=\"og:image:width\" content=\"336\" \/>\n\t<meta property=\"og:image:height\" content=\"438\" \/>\n\t<meta property=\"og:image:type\" content=\"image\/jpeg\" \/>\n<meta name=\"twitter:card\" content=\"summary_large_image\" \/>\n<meta name=\"twitter:label1\" content=\"Gesch\u00e4tzte Lesezeit\" \/>\n\t<meta name=\"twitter:data1\" content=\"2\u00a0Minuten\" \/>\n<script type=\"application\/ld+json\" class=\"yoast-schema-graph\">{\"@context\":\"https:\\\/\\\/schema.org\",\"@graph\":[{\"@type\":\"WebPage\",\"@id\":\"https:\\\/\\\/www.michael-glueck-verlag.de\\\/index.php\\\/die-schmutzkathrin\\\/\",\"url\":\"https:\\\/\\\/www.michael-glueck-verlag.de\\\/index.php\\\/die-schmutzkathrin\\\/\",\"name\":\"Die Schmutzkathrin ~ GL\u00dcCK VERLAG\",\"isPartOf\":{\"@id\":\"https:\\\/\\\/www.michael-glueck-verlag.de\\\/#website\"},\"primaryImageOfPage\":{\"@id\":\"https:\\\/\\\/www.michael-glueck-verlag.de\\\/index.php\\\/die-schmutzkathrin\\\/#primaryimage\"},\"image\":{\"@id\":\"https:\\\/\\\/www.michael-glueck-verlag.de\\\/index.php\\\/die-schmutzkathrin\\\/#primaryimage\"},\"thumbnailUrl\":\"https:\\\/\\\/www.michael-glueck-verlag.de\\\/wp-content\\\/uploads\\\/2020\\\/05\\\/2-Die-Schmutzkatrin-1_web.jpg\",\"datePublished\":\"2020-05-04T20:00:06+00:00\",\"dateModified\":\"2022-06-07T16:39:38+00:00\",\"description\":\"Vor langer, langer Zeit lebte einmal ein reicher K\u00f6nig. Der hatte eine Tochter, die war so sch\u00f6n, dass die roten Rosen erblassten,\",\"breadcrumb\":{\"@id\":\"https:\\\/\\\/www.michael-glueck-verlag.de\\\/index.php\\\/die-schmutzkathrin\\\/#breadcrumb\"},\"inLanguage\":\"de\",\"potentialAction\":[{\"@type\":\"ReadAction\",\"target\":[\"https:\\\/\\\/www.michael-glueck-verlag.de\\\/index.php\\\/die-schmutzkathrin\\\/\"]}]},{\"@type\":\"ImageObject\",\"inLanguage\":\"de\",\"@id\":\"https:\\\/\\\/www.michael-glueck-verlag.de\\\/index.php\\\/die-schmutzkathrin\\\/#primaryimage\",\"url\":\"https:\\\/\\\/www.michael-glueck-verlag.de\\\/wp-content\\\/uploads\\\/2020\\\/05\\\/2-Die-Schmutzkatrin-1_web.jpg\",\"contentUrl\":\"https:\\\/\\\/www.michael-glueck-verlag.de\\\/wp-content\\\/uploads\\\/2020\\\/05\\\/2-Die-Schmutzkatrin-1_web.jpg\",\"width\":336,\"height\":438},{\"@type\":\"BreadcrumbList\",\"@id\":\"https:\\\/\\\/www.michael-glueck-verlag.de\\\/index.php\\\/die-schmutzkathrin\\\/#breadcrumb\",\"itemListElement\":[{\"@type\":\"ListItem\",\"position\":1,\"name\":\"Startseite\",\"item\":\"https:\\\/\\\/www.michael-glueck-verlag.de\\\/\"},{\"@type\":\"ListItem\",\"position\":2,\"name\":\"Die Schmutzkathrin\"}]},{\"@type\":\"WebSite\",\"@id\":\"https:\\\/\\\/www.michael-glueck-verlag.de\\\/#website\",\"url\":\"https:\\\/\\\/www.michael-glueck-verlag.de\\\/\",\"name\":\"GL\u00dcCK VERLAG\",\"description\":\"Buchverlag\",\"publisher\":{\"@id\":\"https:\\\/\\\/www.michael-glueck-verlag.de\\\/#organization\"},\"potentialAction\":[{\"@type\":\"SearchAction\",\"target\":{\"@type\":\"EntryPoint\",\"urlTemplate\":\"https:\\\/\\\/www.michael-glueck-verlag.de\\\/?s={search_term_string}\"},\"query-input\":{\"@type\":\"PropertyValueSpecification\",\"valueRequired\":true,\"valueName\":\"search_term_string\"}}],\"inLanguage\":\"de\"},{\"@type\":\"Organization\",\"@id\":\"https:\\\/\\\/www.michael-glueck-verlag.de\\\/#organization\",\"name\":\"Gl\u00fcck Verlag\",\"url\":\"https:\\\/\\\/www.michael-glueck-verlag.de\\\/\",\"logo\":{\"@type\":\"ImageObject\",\"inLanguage\":\"de\",\"@id\":\"https:\\\/\\\/www.michael-glueck-verlag.de\\\/#\\\/schema\\\/logo\\\/image\\\/\",\"url\":\"https:\\\/\\\/www.michael-glueck-verlag.de\\\/wp-content\\\/uploads\\\/2020\\\/05\\\/4-Die-Blume-und-das-Reh-3_web.jpg\",\"contentUrl\":\"https:\\\/\\\/www.michael-glueck-verlag.de\\\/wp-content\\\/uploads\\\/2020\\\/05\\\/4-Die-Blume-und-das-Reh-3_web.jpg\",\"width\":383,\"height\":336,\"caption\":\"Gl\u00fcck Verlag\"},\"image\":{\"@id\":\"https:\\\/\\\/www.michael-glueck-verlag.de\\\/#\\\/schema\\\/logo\\\/image\\\/\"}}]}<\/script>\n<!-- \/ Yoast SEO plugin. -->","yoast_head_json":{"title":"Die Schmutzkathrin ~ GL\u00dcCK VERLAG","description":"Vor langer, langer Zeit lebte einmal ein reicher K\u00f6nig. Der hatte eine Tochter, die war so sch\u00f6n, dass die roten Rosen erblassten,","robots":{"index":"index","follow":"follow","max-snippet":"max-snippet:-1","max-image-preview":"max-image-preview:large","max-video-preview":"max-video-preview:-1"},"canonical":"https:\/\/www.michael-glueck-verlag.de\/index.php\/die-schmutzkathrin\/","og_locale":"de_DE","og_type":"article","og_title":"Die Schmutzkathrin ~ GL\u00dcCK VERLAG","og_description":"Vor langer, langer Zeit lebte einmal ein reicher K\u00f6nig. Der hatte eine Tochter, die war so sch\u00f6n, dass die roten Rosen erblassten,","og_url":"https:\/\/www.michael-glueck-verlag.de\/index.php\/die-schmutzkathrin\/","og_site_name":"GL\u00dcCK VERLAG","article_modified_time":"2022-06-07T16:39:38+00:00","og_image":[{"width":336,"height":438,"url":"https:\/\/www.michael-glueck-verlag.de\/wp-content\/uploads\/2020\/05\/2-Die-Schmutzkatrin-1_web.jpg","type":"image\/jpeg"}],"twitter_card":"summary_large_image","twitter_misc":{"Gesch\u00e4tzte Lesezeit":"2\u00a0Minuten"},"schema":{"@context":"https:\/\/schema.org","@graph":[{"@type":"WebPage","@id":"https:\/\/www.michael-glueck-verlag.de\/index.php\/die-schmutzkathrin\/","url":"https:\/\/www.michael-glueck-verlag.de\/index.php\/die-schmutzkathrin\/","name":"Die Schmutzkathrin ~ GL\u00dcCK VERLAG","isPartOf":{"@id":"https:\/\/www.michael-glueck-verlag.de\/#website"},"primaryImageOfPage":{"@id":"https:\/\/www.michael-glueck-verlag.de\/index.php\/die-schmutzkathrin\/#primaryimage"},"image":{"@id":"https:\/\/www.michael-glueck-verlag.de\/index.php\/die-schmutzkathrin\/#primaryimage"},"thumbnailUrl":"https:\/\/www.michael-glueck-verlag.de\/wp-content\/uploads\/2020\/05\/2-Die-Schmutzkatrin-1_web.jpg","datePublished":"2020-05-04T20:00:06+00:00","dateModified":"2022-06-07T16:39:38+00:00","description":"Vor langer, langer Zeit lebte einmal ein reicher K\u00f6nig. Der hatte eine Tochter, die war so sch\u00f6n, dass die roten Rosen erblassten,","breadcrumb":{"@id":"https:\/\/www.michael-glueck-verlag.de\/index.php\/die-schmutzkathrin\/#breadcrumb"},"inLanguage":"de","potentialAction":[{"@type":"ReadAction","target":["https:\/\/www.michael-glueck-verlag.de\/index.php\/die-schmutzkathrin\/"]}]},{"@type":"ImageObject","inLanguage":"de","@id":"https:\/\/www.michael-glueck-verlag.de\/index.php\/die-schmutzkathrin\/#primaryimage","url":"https:\/\/www.michael-glueck-verlag.de\/wp-content\/uploads\/2020\/05\/2-Die-Schmutzkatrin-1_web.jpg","contentUrl":"https:\/\/www.michael-glueck-verlag.de\/wp-content\/uploads\/2020\/05\/2-Die-Schmutzkatrin-1_web.jpg","width":336,"height":438},{"@type":"BreadcrumbList","@id":"https:\/\/www.michael-glueck-verlag.de\/index.php\/die-schmutzkathrin\/#breadcrumb","itemListElement":[{"@type":"ListItem","position":1,"name":"Startseite","item":"https:\/\/www.michael-glueck-verlag.de\/"},{"@type":"ListItem","position":2,"name":"Die Schmutzkathrin"}]},{"@type":"WebSite","@id":"https:\/\/www.michael-glueck-verlag.de\/#website","url":"https:\/\/www.michael-glueck-verlag.de\/","name":"GL\u00dcCK VERLAG","description":"Buchverlag","publisher":{"@id":"https:\/\/www.michael-glueck-verlag.de\/#organization"},"potentialAction":[{"@type":"SearchAction","target":{"@type":"EntryPoint","urlTemplate":"https:\/\/www.michael-glueck-verlag.de\/?s={search_term_string}"},"query-input":{"@type":"PropertyValueSpecification","valueRequired":true,"valueName":"search_term_string"}}],"inLanguage":"de"},{"@type":"Organization","@id":"https:\/\/www.michael-glueck-verlag.de\/#organization","name":"Gl\u00fcck Verlag","url":"https:\/\/www.michael-glueck-verlag.de\/","logo":{"@type":"ImageObject","inLanguage":"de","@id":"https:\/\/www.michael-glueck-verlag.de\/#\/schema\/logo\/image\/","url":"https:\/\/www.michael-glueck-verlag.de\/wp-content\/uploads\/2020\/05\/4-Die-Blume-und-das-Reh-3_web.jpg","contentUrl":"https:\/\/www.michael-glueck-verlag.de\/wp-content\/uploads\/2020\/05\/4-Die-Blume-und-das-Reh-3_web.jpg","width":383,"height":336,"caption":"Gl\u00fcck Verlag"},"image":{"@id":"https:\/\/www.michael-glueck-verlag.de\/#\/schema\/logo\/image\/"}}]}},"jetpack-related-posts":[],"jetpack_shortlink":"https:\/\/wp.me\/PbY91u-1s","jetpack_sharing_enabled":true,"_links":{"self":[{"href":"https:\/\/www.michael-glueck-verlag.de\/index.php\/wp-json\/wp\/v2\/pages\/90","targetHints":{"allow":["GET"]}}],"collection":[{"href":"https:\/\/www.michael-glueck-verlag.de\/index.php\/wp-json\/wp\/v2\/pages"}],"about":[{"href":"https:\/\/www.michael-glueck-verlag.de\/index.php\/wp-json\/wp\/v2\/types\/page"}],"author":[{"embeddable":true,"href":"https:\/\/www.michael-glueck-verlag.de\/index.php\/wp-json\/wp\/v2\/users\/1"}],"replies":[{"embeddable":true,"href":"https:\/\/www.michael-glueck-verlag.de\/index.php\/wp-json\/wp\/v2\/comments?post=90"}],"version-history":[{"count":8,"href":"https:\/\/www.michael-glueck-verlag.de\/index.php\/wp-json\/wp\/v2\/pages\/90\/revisions"}],"predecessor-version":[{"id":235,"href":"https:\/\/www.michael-glueck-verlag.de\/index.php\/wp-json\/wp\/v2\/pages\/90\/revisions\/235"}],"wp:featuredmedia":[{"embeddable":true,"href":"https:\/\/www.michael-glueck-verlag.de\/index.php\/wp-json\/wp\/v2\/media\/91"}],"wp:attachment":[{"href":"https:\/\/www.michael-glueck-verlag.de\/index.php\/wp-json\/wp\/v2\/media?parent=90"}],"curies":[{"name":"wp","href":"https:\/\/api.w.org\/{rel}","templated":true}]}}